 3. Calculate j(3).
-2
Let w(d) be the third derivative of -d**4/24 - d**3/6 + 7*d**2. Let k be 1*2*(-15)/10. What is w(k)?
2
Let q(a) = a**2 + 7*a - 11. Let d be ((-2)/3)/((8 - 2)/432). Let k = d - -39. What is q(k)?
7
Let f(r) = 2*r - 16. Let m be (6/(-4))/(6/(-44)). Suppose -m - 1 = 3*c, t - 4*c - 19 = 0. Suppose -3*p = 2*s + s - 27, -t*s + 35 = -p. Calculate f(s).
6
Suppose 22 - 78 = -28*i. Let y(m) = 4*m**3 - 3*m + 5. Determine y(i).
31
Suppose -5*s + 0*s = -q - 21, s - 8 = 4*q. Let i(m) = 6*m - 5*m + 0*m - s. Determine i(6).
2
Let y = 21 + -19. Let x(i) = -18017 - y*i + 4*i**2 + i**3 + 18017. Calculate x(-4).
8
Let t(k) = -k**3 + 4*k**2 - k - 2. Let f(w) be the first derivative of w**2/2 - 3*w + 88. Let g be f(7). Calculate t(g).
-6
Let k(q) = -4*q. Let n = -149 + 268. Suppose 0 = -2*b - 75 + 83, 4*r - 2*b = 452. Let f = r - n. Give k(f).
16
Let l(u) = -u**2 + 12*u + 2. Let s = 1133 + -696. Let q = s + -425. Calculate l(q).
2
Let n(k) = 7*k**2 + 37*k + 35. Let q(o) = -34*o - o**2 + 3*o**2 - 8*o**2 - 87 + 54. Let m(d) = -4*n(d) - 5*q(d). What is m(-10)?
5
Let b(g) = 202*g**2 - 2*g + 19089 - 201*g**2 - 19083. What is b(3)?
9
Suppose -3*s - 29 = 3*t - 11, s + 5*t + 26 = 0. Let y(i) = 76*i**3 - i**2 + i + 1. Determine y(s).
-77
Let u(n) = -n**2 + 2*n**2 - 6*n + 5 + n**2. Let l be 16 + -14 + 3/(6/(-52)). Let t(a) = a + 28. Let g be t(l). Calculate u(g).
13
Let v(w) = w + 13. Suppose -26*y + 12*y - 252 = 0. Determine v(y).
-5
Suppose -45 = -5*i + 5*y, -5*y = -34*i + 35*i - 21. Let o(l) = -3*l + 6. What is o(i)?
-27
Let a(q) = -q**2 + q + 4. Let c be 9/(-45) - (-3)/15. Let v(h) = -2*h - 2*h**2 - 2*h + h**2 + c*h**2 - 3. Let m be v(-4). Calculate a(m).
-8
Suppose -4*c - 40 = -2*m + 4*m, 32 = -2*c - 4*m. Let j(n) be the first derivative of 19 + 3*n**3 + 1/4*n**4 + 4*n**2 - 4*n. Calculate j(c).
-4
Let j = -506684 - -506678. Let l(g) = 1 + 3*g + 4 - 4. Calculate l(j).
-17
Let q = -1317 - -1330. Let g(c) be the first derivative of c**2/2 - 7*c - 83. Give g(q).
6
Let n(u) = -6*u - 11. Suppose 28 = 2*f + 3*p, -f + p - 1 = -20. What is n(f)?
-113
Let c(i) = 7*i + 19. Let l(t) = 13*t + 4. Let k(p) = -30*p - 9. Let y(d) = -3*k(d) - 7*l(d). Let z(q) = c(q) + 6*y(q). Give z(-9).
4
Let m(h) = 7*h - 2. Suppose 2*l = 5*s + 46, 3*s - 41 = -l + s. Let c be l/6 + 93/(-62). Determine m(c).
26
Let p(i) = 3*i - 10. Let o(d) = -2 - 3 + 5 - 4 + d. Let g(j) = 17*o(j) - 6*p(j). Determine g(-13).
5
Suppose x = 5*q - 26, 3*x - 4*q = -0*x - 67. Let m = 25 + x. Suppose -2*u + 14 = -m*k, 6*u = 2*k + 4*u + 6. Let o(j) = j**2 + 5*j + 5. What is o(k)?
1
Let n(d) = 1 + d**3 + 2*d**2 - 6 + 17*d - 20*d + d**2. Let f be 6/(12/(-5)) + (-5)/10. Let u be n(f). Let m(x) = x**3 - 2*x**2 - 7*x + 5. What is m(u)?
9
Let h(j) be the second derivative of j**5/20 - 17*j**4/12 + 3*j**3 - 14*j**2 - 12*j + 741. Let v be 1/(-1*3/(-48)). Determine h(v).
4
Let w(u) = u - 8. Let d(x) be the third derivative of x**4/6 - 5*x**3/2 - 60*x**2 + 2. Let y(o) = d(o) - 3*w(o). Determine y(11).
20
Let a(b) = -5*b - 2. Let h(n) = n**2 - 16*n + 46. Suppose -4*g + 36 = -4*t, 2*t + 3*t + 9 = -4*g. Let v be h(g). Calculate a(v).
8
Suppose -136 = 31*g + 37*g. Let i(t) = 4*t**3 - 3*t**2 - 2*t - 2. Let p(y) = -5*y**3 + 4*y**2 + 3*y + 3. Let v(u) = 4*i(u) + 3*p(u). Calculate v(g).
-9
Let p(n) = 2*n**2 - 65*n + 6. Let k(x) = -8*x**2 + 250*x - 23. Let g(o) = -6*k(o) - 23*p(o). Give g(-4).
52
Let i(s) = -s - 6. Let h(v) be the second derivative of v**5/10 - 5*v**4/6 - 5*v**2 + v - 34. Let g be h(5). Determine i(g).
4
Let g(y) = -7 + 6 - 6 - 50*y - 3*y**2 - 4 + 42*y. What is g(-9)?
-182
Suppose 182*c - 1346 + 392 = 1230. Let t(d) = -17*d + 215. What is t(c)?
11
Suppose -s - 2 = 0, -29*n = -27*n + 2*s + 12. Let x(u) = u**3 + 4*u**2 + 6*u + 21. Calculate x(n).
-3
Let g(f) = -2*f**2 - 6*f + 6. Let p(c) = -c**2 + c. Let x(m) = -g(m) + 3*p(m). Suppose -80 + 259 + 91 = 45*u. Calculate x(u).
12
Let b(v) be the second derivative of -v**5/60 - v**4/12 + v**3/2 + 3*v**2/2 - 20*v - 1. Let x(k) be the second derivative of b(k). Determine x(4).
-10
Let u(c) = -c**2 - 19*c - 39. Let i be (168/54 - -6) + (-2)/18. Let r be (-6)/i - (469/21 + -6). Calculate u(r).
-5
Let t(y) = -10*y - 1. Let d(l) = -11*l - 1. Let v be -4 + (-16)/(-4) + -5 + 2. Let h(q) = v*d(q) + 4*t(q). What is h(2)?
-15
Suppose 3*y - 18 = -3*k, -5*k + 3 = y + 9. Let n(a) = -20*a - 25. Let m(x) = 5*x + 6. Let f(t) = y*m(t) + 2*n(t). Give f(-3).
-11
Suppose -36 = -4*y - y + 3*q, -2*y + 14 = -q. Let x be -3*(-35)/(-21)*y/(-15). Let t(a) be the third derivative of a**4/3 + 2*a**2. Determine t(x).
16
Let g = -1 + 4. Suppose -g = -2*h - c, -4*c - 14 = -3*h - 37. Let t(u) be the first derivative of u**4 + 2*u**3/3 - u - 3494. Calculate t(h).
-3
Let l = -11 - -17. Let a(h) be the first derivative of -h**4/12 + 5*h**3/6 - 5*h**2/2 + 86*h - 68. Let z(y) be the first derivative of a(y). What is z(l)?
-11
Let f be (-1)/(8 - 165/20). Let t(u) = f + u**3 - 5*u + 5 - u**2 - 3 - 5 + 1. Determine t(3).
5
Let g(x) = -5*x + 48. Let c be ((-3)/(-6))/((-275)/110)*-35. What is g(c)?
13
Let h be 666/(-1776) - 26*2/32. Let m(j) = j**3 + 3*j**2 + j - 2. What is m(h)?
0
Suppose -8 = -30*n + 38 + 14. Let t(i) = -8*i**2 - 5*i + 5. What is t(n)?
-37
Let d(b) = 36*b**2 - b - 1. Let r(t) = 7*t - 29. Let z = -311 + 315. Let x be r(z). Determine d(x).
36
Let u(f) = 14*f. Suppose -12*s = -11*s - 111. Let k = 112 - s. Give u(k).
14
Suppose 0 = -4*h + 16 - 4. Suppose -5*d + 18 = a, h*a = 2*d + 2*a - 10. Let c(y) = 0*y - d*y - 9 - 3*y - y**2. Determine c(-6).
-3
Let s be (3 - 1)*(-1)/2. Let m be -7*((-2 - s) + 0). Let v(u) be the first derivative of -u**3/3 + 7*u**2/2 - 9*u + 9131. Give v(m).
-9
Let s(r) = -r**3 + 5*r**2 + r + 1. Let y(l) = 2*l**3 + 4*l**2 - 16*l + 4. Let q be y(-4). Determine s(q).
21
Let n(a) = 21*a. Let i = 115 - 142. Let l be 9/i*(0 - -3) - 122. Let m = l - -122. What is n(m)?
-21
Suppose 0 = -12*n + 664 + 260. Suppose -n*l - 54 = -83*l. Let x(s) = -s**3 + 9*s**2 + 2*s - 6. Determine x(l).
12
Let c be (-4)/22 - 3576/(-66). Let b(x) = -x + c - 15 - 24 - 13. Calculate b(-7).
9
Let o(u) = -21*u - 192. Let l be o(-8). Let j(x) = x**3 + 23*x**2 - 22*x + 16. Determine j(l).
-32
Let g(k) be the second derivative of k**4/12 - 2*k**3/3 - 7*k**2/2 + k. Let p be 14*(0 + 9 - 7*(-306)/(-252)). Give g(p).
14
Let j(h) = h**3 + 2*h**2 + 2. Let r(v) = -2*v**3 - 5*v**2 - 5. Let x(w) = w**3 - 11*w**2 - 16*w + 41. Let u be x(12). Let a(t) = u*j(t) - 3*r(t). What is a(0)?
1
Let c be 9/6*19/(-57)*(-2 + -4). Let g(u) be the first derivative of 1/2*u**2 + 17 - c*u. Determine g(6).
3
Let c(y) be the first derivative of -y**4/4 + 14*y**3/3 + 16*y**2 + 36*y - 3249. Determine c(16).
36
Let v(m) = 2*m**2 - 14*m + 43. Let p(u) = -46*u**2 - 1518*u + 4. Let a be p(-33). Give v(a).
19
Let l(w) = -31 - 3*w + 77 - 68. Calculate l(-10).
8
Suppose -48*t = 121*t - 507. Let i(k) = -8*k**2 + 8*k + 3. Let q(b) = b**2 - b. Let v(h) = -i(h) - 6*q(h). Determine v(t).
9
Suppose 57 - 13 = -4*l. Let t(j) = 165*j + 2*j**2 - 154*j + j**2 - 2*j**2. What is t(l)?
0
Let i(m) be the second derivative of m**5/20 + m**4 + 10*m**3/3 - 9*m**2/2 - 1668*m. Determine i(-9).
54
Let m(x) = -x + 3. Let c(f) = 54*f - 924. Let z be c(17). What is m(z)?
9
Let a = -117 + 119. Let b(p) = 3*p**2 + 8*p + 4. Let j(u) = -4*u**2 - 8*u - 4. Let t(s) = a*j(s) + 3*b(s). What is t(-5)?
-11
Suppose 3*r + 47 = t, 5*r - t + 4*t + 55 = 0. Let m = r + 17. Suppose 5*k + 23 = 2*l, -5*l + 16 = -m*k - 6*l. Let i(b) = -b**2 - 6*b - 6. Determine i(k).
-1
Let n(t) = 4*t**3 + 3*t**2 - 6*t - 5. Let h be 23/4 - (-36)/(-48). Let w(f) = -7*f**3 - 6*f**2 + 11*f + 8. Let l(i) = h*n(i) + 3*w(i). Calculate l(2).
-15
Let x = -3914 + 3904. Let v(f) be the first derivative of f**4/4 + 11*f**3/3 + 9*f**2/2 - 11*f - 1. Give v(x).
-1
Let o(h) = -3*h**3 - 3*h**2 - h - 3. Suppose -246 = 19*q + 21*q + 42*q. Determine o(q).
54
Let g(a) = 21*a**2 - 50*a - 7. Let y(l) = -2*l**2 - 4*l + 2. Let q(d) = -g(d) - 3*y(d). Calculate q(4).
9
Suppose -2552 = 1501*f - 6104 - 2452. Let v(g) be the third derivative of g**6/120 - g**5/30 - g**4/6 - g**3/2 + g**2. Give v(f).
13
Let n(q) = -4*q + 3. Let t(r) = -3*r - 37. Let a(z) = 3*n(z) + t(z). What is a(-3)?
17
Let b(r) be the first derivative of r**